 is 3 + -1761?
-1759
In base 14, what is 16a47 - -5?
16a4c
In base 9, what is -115648 - 4?
-115653
In base 2, what is -101 + -11010101100?
-11010110001
In base 16, what is 38 + 1?
39
In base 10, what is -59 - -27797?
27738
In base 15, what is 9 + -8b?
-82
In base 10, what is -541 - 514?
-1055
In base 14, what is 26 + 13a23?
13a49
In base 10, what is 3286107 + 1?
3286108
In base 11, what is 3 - 19947?
-19944
In base 7, what is 1 - 2406006?
-2406005
In base 5, what is -3244 + -20430?
-24224
In base 5, what is 42 - -1422?
2014
In base 9, what is -41 - 21578?
-21630
In base 2, what is 10001101000110011 - -11?
10001101000110110
In base 3, what is -2220 + 22111?
12121
In base 8, what is 12174 - 424?
11550
In base 9, what is 3 - 167830?
-167826
In base 4, what is -3 + 1213002131?
1213002122
In base 3, what is -10021 + -12012?
-22110
In base 7, what is -44326 - 1122?
-45451
In base 2, what is 10111 - 101010011110?
-101010000111
In base 7, what is -53 + 630?
544
In base 6, what is 152412 - 102?
152310
In base 10, what is 1 - -439818?
439819
In base 13, what is -324 - 10?
-334
In base 10, what is -6 - -450?
444
In base 10, what is 19058 + 9?
19067
In base 9, what is 141 - 5486?
-5345
In base 9, what is 23 + -130?
-106
In base 10, what is -4 + 264664?
264660
In base 16, what is 76 + -ca?
-54
In base 4, what is 202333 - 3021?
133312
In base 9, what is 487 + 883?
1481
In base 7, what is 1622623 - -10?
1622633
In base 4, what is 2220022 - -30?
2220112
In base 15, what is 0 - -106b4?
106b4
In base 5, what is 20113 - 13333?
1230
In base 10, what is 24141 - -11?
24152
In base 15, what is 2341ab + 4?
2341b0
In base 11, what is -a19 - 186?
-10a4
In base 6, what is 22 - 100454?
-100432
In base 2, what is 1 - -10010101010000?
10010101010001
In base 3, what is -100212101 + -11201?
-101001002
In base 11, what is -4 + 23817?
23813
In base 11, what is -1 - -20218a?
202189
In base 9, what is 2042 - -7?
2050
In base 15, what is -3c - -a23?
9d6
In base 8, what is 5 + -120717?
-120712
In base 15, what is 6dcc9 + -2?
6dcc7
In base 13, what is -ac882 + -2?
-ac884
In base 13, what is -ab41 + 2b?
-ab13
In base 4, what is 32323320 + 11?
32323331
In base 14, what is 53c2 + 8?
53ca
In base 8, what is -5 - 613301?
-613306
In base 16, what is -6f0c - 3?
-6f0f
In base 15, what is -3c3b4 - 5?
-3c3b9
In base 3, what is -11200 + 110212000?
110200100
In base 12, what is 13 + -2a78?
-2a65
In base 12, what is 458438 + 5?
458441
In base 16, what is 441 + 12?
453
In base 15, what is 74a7 + 3?
74aa
In base 6, what is -10553 + 22?
-10531
In base 2, what is -100001 - -1011110001?
1011010000
In base 16, what is -533 - -78?
-4bb
In base 6, what is -4 + 42033?
42025
In base 10, what is 47507 + -46?
47461
In base 8, what is -17 + 104713?
104674
In base 12, what is 3232 + 5?
3237
In base 5, what is 3013 - -1311?
4324
In base 8, what is 101151 - -1?
101152
In base 6, what is -440552520 - 2?
-440552522
In base 15, what is -c95 + -1c?
-cb2
In base 12, what is -762 - -3?
-75b
In base 9, what is 8 + -578662?
-578653
In base 14, what is -43 - -629?
5c6
In base 3, what is 121201211 - 20?
121201121
In base 3, what is 201 + 11011211100?
11011212001
In base 12, what is -2670 + -132?
-27a2
In base 2, what is -100011111000011001 + 11?
-100011111000010110
In base 5, what is -124142 - -11?
-124131
In base 5, what is 3112433 + -10?
3112423
In base 3, what is 1 + 201101220?
201101221
In base 4, what is 2 + -2203013?
-2203011
In base 8, what is 1 - -114240?
114241
In base 3, what is 111100102 - 12?
111100020
In base 6, what is -11222 + 5?
-11213
In base 2, what is 100 - 10010100000010?
-10010011111110
In base 9, what is -8 + -466?
-475
In base 5, what is -42144 - 11?
-42210
In base 9, what is 11 + -73463?
-73452
In base 7, what is 4 - -225255?
225262
In base 10, what is -525 - -653?
128
In base 14, what is 3 + -2187?
-2184
In base 2, what is 10 - -1101101001001010?
1101101001001100
In base 12, what is 29905 + -5?
29900
In base 4, what is -23302220330 - 3?
-23302220333
In base 4, what is -1022 - 22301?
-23323
In base 13, what is -1414 - -14?
-1400
In base 7, what is -231635 + 113?
-231522
In base 10, what is -74 - 74?
-148
In base 14, what is 1648 + 60?
16a8
In base 13, what is -520b + 3?
-5208
In base 14, what is -a4 + 705?
641
In base 11, what is 14a - -23?
172
In base 11, what is 10173 - 15?
10159
In base 13, what is 4b42 - -2?
4b44
In base 4, what is -11 - 3102113003?
-3102113020
In base 12, what is -2 - 6bb7?
-6bb9
In base 9, what is -20488 - -4?
-20484
In base 7, what is -511 - 314?
-1125
In base 7, what is 3 + 126542?
126545
In base 7, what is -4164111 - -2?
-4164106
In base 16, what is 3 + -8b5f?
-8b5c
In base 2, what is -1001101000000011101 + -101?
-1001101000000100010
In base 2, what is 11011010 + 110001?
100001011
In base 5, what is -132 + -234?
-421
In base 10, what is -377 - 123?
-500
In base 9, what is -15086 - 4?
-15101
In base 10, what is 41 - -334?
375
In base 5, what is 200 + 2430?
3130
In base 11, what is 7703 - -14?
7717
In base 12, what is -1 - -22705?
22704
In base 11, what is 1 + -415?
-414
In base 5, what is -2203100 + 3?
-2203042
In base 3, what is -1210 - -1120200?
1111220
In base 4, what is -1003030 - 33021?
-1102111
In base 4, what is -11302232332 - 11?
-11302233003
In base 11, what is -85226 - -5?
-85221
In base 8, what is -2015 + 4173?
2156
In base 11, what is 5990 - 174?
5817
In base 13, what is -2 - abc9?
-abcb
In base 8, what is -237 - 7673?
-10132
In base 6, what is -32 - 2405125?
-2405201
In base 5, what is 4440 + 400?
10340
In base 11, what is 0 - -9a769?
9a769
In base 15, what is 261d - 3?
261a
In base 3, what is -1021 + 1200021?
1122000
In base 9, what is 0 - -248621?
248621
In base 5, what is -304 - -111?
-143
In base 13, what is 44c7b - -5?
44c83
In base 10, what is -28 + 35501?
35473
In base 6, what is 100144421 + -5?
100144412
In base 7, what is -1103 + -62?
-1165
In base 4, what is 33111023 + -2?
33111021
In base 10, what is 4 + 6602?
6606
In base 9, what is -15 + -3867?
-3883
In base 9, what is -16763 + -1?
-16764
In base 3, what is 1110200 + -20010?
1020120
In base 2, what is -100000000110 - -1010101?
-11110110001
In base 14, what is -1 - 36a66?
-36a67
In base 13, what is 75a93 - 1?
75a92
In base 5, what is -10402 + 304?
-10043
In base 14, what is -68 - 1b83?
-1c0b
In base 8, what is -12 + -1212?
-1224
In base 2, what is 1000011011011101 + 11?
1000011011100000
In base 13, what is -8 - 769?
-774
In base 8, what is 36 - 3235?
-3177
In base 2, what is -110100000 - 1011110000001?
-1100100100001
In base 14, what is -8447 + -7?
-8450
In base 11, what is -1210 - a6?
-1306
In base 13, what is 1cb086 - 1?
1cb085
In base 5, what is 2414 - 2143?
221
In base 13, what is 33a27 + -5?
33a22
In base 5, what is -10012 - 124?
-10141
In base 5, what is -2414 + -42333?
-100302
In base 11, what is -2a4 - 241?
-535
In base 8, what is -5012104 + -3?
-5012107
In base 9, what is -1525 - 365?
-2001
In base 2, what is 101111110010 - -100?
101111110110
In base 4, what is 1 - 11131311?
-11131310
In base 8, what is 137706 - 0?
137706
In base 11, what is -2487 - 24?
-2500
In base 13, what is 12baa + 4?
12bb1
In base 14, what is 1 + 1d569?
1d56a
In base 7, what is -13 + 410643?
410630
In base 3, what is 21010010110201 + 0?
21010010110201
In base 6, what is 424411 - 3?
424404
In base 9, what is -263740 - -4?
-263735
In base 13, what is 9887 - 25?
9862
In base 16, what is -1a402 + -1?
-1a403
In base 2, what is 1010001110101 + 110?
1010001111011
In base 5, what is -1304 - -1400?
41
In base 14, what is -3b8 - 3?
-3bb
In base 10, what is -167 + -1346?
-1513
In base 8, what is -2 + 5420?
5416
In base 10, what is -1600 - -4?
-1596
In base 5, what is 4 - 101441?
-101432
In base 13, what is 2b9 - -921?
c0a
In base 12, what is 4 + 4354?
4358
In base 15, what is 1d - -b730?
b74d
In base 3, what is 11100 - -211122?
222222
In base 16, what is -7d4 + 5?
-7cf
In base 15, what is -4 - 34eb?
-3500
In base 7, what is 3163 - 3?
3160
In base 7, what is 23613 + -35?
23545
In base 10, what is 2768 - -55?
2823
In base 16, what is -5 - -d5e4f?
d5e4a
In base 2, what is -10101010 - 100110111?
-111100001
In base 3, what is -11 + -2121122202?
-2121122220
In base 9, what is -132 - -2142?
2010
In base 11, what is -47 + -20934?